{"id":101,"date":"2019-12-11T13:28:46","date_gmt":"2019-12-11T13:28:46","guid":{"rendered":"http:\/\/www.10rdlf.fr\/garden\/?page_id=101"},"modified":"2020-01-18T17:45:40","modified_gmt":"2020-01-18T16:45:40","slug":"olives-maison","status":"publish","type":"page","link":"https:\/\/www.galetsetoliviers.fr\/?page_id=101","title":{"rendered":"Olives Maison"},"content":{"rendered":"\n<p>Peu de gens savent que l&#8217;on peut cultiver, r\u00e9colter et pr\u00e9parer ses propres olives dans la r\u00e9gion. En fait c&#8217;est tr\u00e8s facile, mais il faut \u00eatre patient. Par contre ne vous attendez pas \u00e0 pr\u00e9parer des olives comme on trouve au march\u00e9 &#8220;\u00e0 la grecque&#8221;, &#8220;vertes&#8221;, etc&#8230; Ici ce n&#8217;est juste que des olives &#8220;maison&#8221;.<\/p>\n\n\n\n<p>La r\u00e9colte se fait en septembre\/octobre, quand les olives commencent \u00e0 changer de couleur. Depuis quelques ann\u00e9es elles peuvent \u00eatre &#8220;piqu\u00e9s&#8221; par des mouches, et si c&#8217;est le cas doivent \u00eatre jet\u00e9es. Dans notre cas d\u00e8s que l&#8217;on remarque une olive piqu\u00e9e, on r\u00e9colte toutes les olives imm\u00e9diatement pour \u00e9viter d&#8217;avoir \u00e0 en jeter trop plus tard.<\/p>\n\n\n\n<p>La premi\u00e8re \u00e9tape consiste \u00e0 enlever (ou au moins fortement r\u00e9duire) l\u2019amertume des olives. On met les olives tri\u00e9es et lav\u00e9es dans un bol d&#8217;eau fra\u00eeche et 2 ou 3 cuill\u00e8res \u00e0 soupe de sel et on laisse reposer entre 1 et 2 mois, en changeant l&#8217;eau tout les 2 jours au d\u00e9but, puis tout les 3 voir 4 jours \u00e0 la fin. Les petites olives \u00e0 peau fine sont en g\u00e9n\u00e9ral pr\u00eates en 1 mois. Les plus grosses vont prendre plus de temps. Il faut go\u00fbter 1 fois par semaines pour voir l&#8217;\u00e9volution et arr\u00eater quand l&#8217;amertume est devenue &#8216;supportable&#8217; (il y a toujours des olives qui sont am\u00e8res \u00e0 la fin de cette \u00e9tape ; ce n&#8217;est pas grave, elles perdront l&#8217;amertume pendant l&#8217;\u00e9tape suivante). Nous gardons le bol d&#8217;olives dans la cuisine, \u00e0 cot\u00e9 de l&#8217;\u00e9vier, pour se souvenir  facilement de changer l&#8217;eau.<\/p>\n\n\n\n<div class=\"wp-block-image\"><figure class=\"aligncenter\"><img loading=\"lazy\" decoding=\"async\" width=\"225\" height=\"300\" src=\"http:\/\/www.10rdlf.fr\/garden\/wp-content\/uploads\/2020\/01\/IMG_20181007_202550717-225x300.jpg\" alt=\"\" class=\"wp-image-173\" srcset=\"https:\/\/www.galetsetoliviers.fr\/wp-content\/uploads\/2020\/01\/IMG_20181007_202550717-225x300.jpg 225w, https:\/\/www.galetsetoliviers.fr\/wp-content\/uploads\/2020\/01\/IMG_20181007_202550717-768x1024.jpg 768w, https:\/\/www.galetsetoliviers.fr\/wp-content\/uploads\/2020\/01\/IMG_20181007_202550717-1200x1600.jpg 1200w\" sizes=\"(max-width: 225px) 85vw, 225px\" \/><figcaption>2018, une bonne ann\u00e9e<\/figcaption><\/figure><\/div>\n\n\n\n<p>La deuxi\u00e8me \u00e9tape consiste \u00e0 faire la saumure, c.\u00e0.d. la &#8220;sauce&#8221; des olives. On fait bouillir de l&#8217;eau (suffisamment pour pouvoir recouvrir les olives) qu&#8217;on laisse refroidir. Pendant ce temps on pr\u00e9pare l&#8217;assaisonnement des olives, et l\u00e0, c&#8217;est chacun ses go\u00fbts ! herbes aromatiques, piments, ail, citron, etc&#8230; on met ce que l&#8217;on veut. Pour nous, notre pr\u00e9f\u00e9rence c&#8217;est arr\u00eat\u00e9e sur des morceaux de citrons (non trait\u00e9s), de l&#8217;ail (beaucoup), du thym, de la coriandre.<\/p>\n\n\n\n<p>On m\u00e9lange les olives \u00e0 l\u2019assaisonnement dans un bocal transparent, on rajoute un peu de sel (les olives sont d\u00e9j\u00e0 sal\u00e9es, et on peut toujours rajouter du sel plus tard si n\u00e9cessaire), on recouvre avec l&#8217;eau ti\u00e8de, on secoue bien le pot pour chasser le maximum de bulles d&#8217;air, et enfin on rajoute 2 cm d&#8217;huile d&#8217;olive par dessus pour servir de couche d&#8217;\u00e9tanch\u00e9it\u00e9 entre les olives et l&#8217;air ext\u00e9rieur.<\/p>\n\n\n\n<div class=\"wp-block-image\"><figure class=\"aligncenter\"><img loading=\"lazy\" decoding=\"async\" width=\"200\" height=\"300\" src=\"http:\/\/www.10rdlf.fr\/garden\/wp-content\/uploads\/2020\/01\/DSC_0965-e1578911131321-200x300.jpg\" alt=\"\" class=\"wp-image-172\" srcset=\"https:\/\/www.galetsetoliviers.fr\/wp-content\/uploads\/2020\/01\/DSC_0965-e1578911131321-200x300.jpg 200w, https:\/\/www.galetsetoliviers.fr\/wp-content\/uploads\/2020\/01\/DSC_0965-e1578911131321-768x1152.jpg 768w, https:\/\/www.galetsetoliviers.fr\/wp-content\/uploads\/2020\/01\/DSC_0965-e1578911131321-683x1024.jpg 683w, https:\/\/www.galetsetoliviers.fr\/wp-content\/uploads\/2020\/01\/DSC_0965-e1578911131321-1200x1800.jpg 1200w\" sizes=\"(max-width: 200px) 85vw, 200px\" \/><figcaption>2019, une tr\u00e8s mauvaise ann\u00e9e, \u00e0 peine un demi bocal de r\u00e9colt\u00e9<\/figcaption><\/figure><\/div>\n\n\n\n<p>Le bocal est plac\u00e9 dans un endroit frais, \u00e0 l\u2019abri de la lumi\u00e8re. Le couvercle ne doit pas \u00eatre \u00e9tanche, et on doit surveiller r\u00e9guli\u00e8rement si il n&#8217;y a pas de probl\u00e8me de pourriture. Il est possible que de petits morceaux d&#8217;herbes aromatiques flottant \u00e0 la surface de l&#8217;huile pourrissent ; ce n&#8217;est pas grave, il faut juste les retirer.<\/p>\n\n\n\n<p>Les olives sont pr\u00eates \u00e0 go\u00fbter apr\u00e8s 3 mois environ, voir 4 mois. Et elles sont \u00e0 leur meilleur apr\u00e8s 6 mois. Pour r\u00e9sumer  : r\u00e9colte en septembre\/octobre, mise en saumure en d\u00e9cembre, premi\u00e8res olives go\u00fbt\u00e9es en avril, et on se r\u00e9gale en juin et tout l&#8217;\u00e9t\u00e9. Comme vous le voyez, ce n&#8217;est pas difficile, mais il faut \u00eatre patient ; plus on attend, plus c&#8217;est bon.<\/p>\n\n\n\n<p><\/p>\n","protected":false},"excerpt":{"rendered":"<p>Peu de gens savent que l&#8217;on peut cultiver, r\u00e9colter et pr\u00e9parer ses propres olives dans la r\u00e9gion. En fait c&#8217;est tr\u00e8s facile, mais il faut \u00eatre patient. Par contre ne vous attendez pas \u00e0 pr\u00e9parer des olives comme on trouve au march\u00e9 &#8220;\u00e0 la grecque&#8221;, &#8220;vertes&#8221;, etc&#8230; Ici ce n&#8217;est juste que des olives &#8220;maison&#8221;. &hellip; <a href=\"https:\/\/www.galetsetoliviers.fr\/?page_id=101\" class=\"more-link\">Continue reading<span class=\"screen-reader-text\"> &#8220;Olives Maison&#8221;<\/span><\/a><\/p>\n","protected":false},"author":1,"featured_media":0,"parent":0,"menu_order":0,"comment_status":"closed","ping_status":"closed","template":"","meta":{"footnotes":""},"_links":{"self":[{"href":"https:\/\/www.galetsetoliviers.fr\/index.php?rest_route=\/wp\/v2\/pages\/101"}],"collection":[{"href":"https:\/\/www.galetsetoliviers.fr\/index.php?rest_route=\/wp\/v2\/pages"}],"about":[{"href":"https:\/\/www.galetsetoliviers.fr\/index.php?rest_route=\/wp\/v2\/types\/page"}],"author":[{"embeddable":true,"href":"https:\/\/www.galetsetoliviers.fr\/index.php?rest_route=\/wp\/v2\/users\/1"}],"replies":[{"embeddable":true,"href":"https:\/\/www.galetsetoliviers.fr\/index.php?rest_route=%2Fwp%2Fv2%2Fcomments&post=101"}],"version-history":[{"count":7,"href":"https:\/\/www.galetsetoliviers.fr\/index.php?rest_route=\/wp\/v2\/pages\/101\/revisions"}],"predecessor-version":[{"id":542,"href":"https:\/\/www.galetsetoliviers.fr\/index.php?rest_route=\/wp\/v2\/pages\/101\/revisions\/542"}],"wp:attachment":[{"href":"https:\/\/www.galetsetoliviers.fr\/index.php?rest_route=%2Fwp%2Fv2%2Fmedia&parent=101"}],"curies":[{"name":"wp","href":"https:\/\/api.w.org\/{rel}","templated":true}]}}