{"id":1040,"date":"2020-11-20T15:44:26","date_gmt":"2020-11-20T14:44:26","guid":{"rendered":"http:\/\/www.galetsetoliviers.fr\/?page_id=1040"},"modified":"2021-09-09T10:03:37","modified_gmt":"2021-09-09T08:03:37","slug":"plantes-en-pot","status":"publish","type":"page","link":"https:\/\/www.galetsetoliviers.fr\/?page_id=1040","title":{"rendered":"Plantes en pot"},"content":{"rendered":"\n<p>Une liste de plantes vivaces trop fragiles pour nos hivers, qui sont gard\u00e9es en pots, sorties dehors apr\u00e8s les derniers gels (fin avril\/mi mai), et rentr\u00e9es \u00e0 l&#8217;abri avant les premiers (mi octobre\/d\u00e9but novembre).<\/p>\n\n\n\n<div class=\"wp-block-columns has-2-columns is-layout-flex wp-container-core-columns-layout-1 wp-block-columns-is-layout-flex\">\n<div class=\"wp-block-column is-layout-flow wp-block-column-is-layout-flow\">\n<p><a href=\"#brugmansia\">Brugmansia<\/a><br><a href=\"#cycas\">Cycas revoluta<\/a><br><a href=\"#dipladenia\">Diplad\u00e9nia<\/a><br><a href=\"#hibiscus\">Hibiscus (rose de chine)<\/a><br><a href=\"#piments\">Piments<\/a><\/p>\n<\/div>\n\n\n\n<div class=\"wp-block-column is-layout-flow wp-block-column-is-layout-flow\">\n<p><\/p>\n<\/div>\n<\/div>\n\n\n\n<h2 class=\"wp-block-heading\" id=\"brugmansia\"><\/h2>\n\n\n\n<hr class=\"wp-block-separator is-style-wide\"\/>\n\n\n\n<h3 class=\"wp-block-heading\">Brugmansia<\/h3>\n\n\n\n<p>Plante \u00e0 l&#8217;aspect tropical \u00e0  grosses fleurs en trompette. La floraison est plut\u00f4t capricieuse, elle aime la chaleur mais pas trop, l&#8217;humidit\u00e9 semble lui convenir (elle fleurit surtout d\u00e9but \u00e9t\u00e9 et automne). Exposition mi ombre, beaucoup d&#8217;engrais, et un arrosage r\u00e9gulier. Tr\u00e8s facile \u00e0 bouturer toute l&#8217;ann\u00e9e.<\/p>\n\n\n\n<div class=\"wp-block-image\"><figure class=\"aligncenter size-large\"><img loading=\"lazy\" decoding=\"async\" width=\"1024\" height=\"683\" src=\"https:\/\/www.galetsetoliviers.fr\/wp-content\/uploads\/2020\/12\/DSC_0603-1024x683.jpg\" alt=\"\" class=\"wp-image-1106\" srcset=\"https:\/\/www.galetsetoliviers.fr\/wp-content\/uploads\/2020\/12\/DSC_0603-1024x683.jpg 1024w, https:\/\/www.galetsetoliviers.fr\/wp-content\/uploads\/2020\/12\/DSC_0603-300x200.jpg 300w, https:\/\/www.galetsetoliviers.fr\/wp-content\/uploads\/2020\/12\/DSC_0603-768x512.jpg 768w, https:\/\/www.galetsetoliviers.fr\/wp-content\/uploads\/2020\/12\/DSC_0603-1536x1024.jpg 1536w, https:\/\/www.galetsetoliviers.fr\/wp-content\/uploads\/2020\/12\/DSC_0603-2048x1365.jpg 2048w, https:\/\/www.galetsetoliviers.fr\/wp-content\/uploads\/2020\/12\/DSC_0603-1200x800.jpg 1200w\" sizes=\"(max-width: 709px) 85vw, (max-width: 909px) 67vw, (max-width: 1362px) 62vw, 840px\" \/><figcaption>Brugmansia rose<\/figcaption><\/figure><\/div>\n\n\n\n<div class=\"wp-block-image\"><figure class=\"aligncenter size-large is-resized\"><a href=\"#\"><img loading=\"lazy\" decoding=\"async\" src=\"https:\/\/www.galetsetoliviers.fr\/wp-content\/uploads\/2021\/03\/up-chevron-button.png\" alt=\"\" class=\"wp-image-1390\" width=\"32\" height=\"32\" srcset=\"https:\/\/www.galetsetoliviers.fr\/wp-content\/uploads\/2021\/03\/up-chevron-button.png 256w, https:\/\/www.galetsetoliviers.fr\/wp-content\/uploads\/2021\/03\/up-chevron-button-150x150.png 150w\" sizes=\"(max-width: 32px) 85vw, 32px\" \/><\/a><\/figure><\/div>\n\n\n\n<h2 class=\"wp-block-heading\" id=\"cycas\"><\/h2>\n\n\n\n<hr class=\"wp-block-separator is-style-wide\"\/>\n\n\n\n<h3 class=\"wp-block-heading\">Cycas revoluta<\/h3>\n\n\n\n<p>Une plante \u00e0 l&#8217;aspect d&#8217;un palmier et \u00e0 la croissance tr\u00e8s tr\u00e8s lente. Bien arroser r\u00e9guli\u00e8rement.<\/p>\n\n\n\n<figure class=\"wp-block-image size-large\"><img loading=\"lazy\" decoding=\"async\" width=\"683\" height=\"1024\" src=\"https:\/\/www.galetsetoliviers.fr\/wp-content\/uploads\/2020\/12\/DSC_0361-scaled-e1607595970180-683x1024.jpg\" alt=\"\" class=\"wp-image-1127\" srcset=\"https:\/\/www.galetsetoliviers.fr\/wp-content\/uploads\/2020\/12\/DSC_0361-scaled-e1607595970180-683x1024.jpg 683w, https:\/\/www.galetsetoliviers.fr\/wp-content\/uploads\/2020\/12\/DSC_0361-scaled-e1607595970180-200x300.jpg 200w, https:\/\/www.galetsetoliviers.fr\/wp-content\/uploads\/2020\/12\/DSC_0361-scaled-e1607595970180-768x1152.jpg 768w, https:\/\/www.galetsetoliviers.fr\/wp-content\/uploads\/2020\/12\/DSC_0361-scaled-e1607595970180-1024x1536.jpg 1024w, https:\/\/www.galetsetoliviers.fr\/wp-content\/uploads\/2020\/12\/DSC_0361-scaled-e1607595970180-1366x2048.jpg 1366w, https:\/\/www.galetsetoliviers.fr\/wp-content\/uploads\/2020\/12\/DSC_0361-scaled-e1607595970180-1200x1800.jpg 1200w, https:\/\/www.galetsetoliviers.fr\/wp-content\/uploads\/2020\/12\/DSC_0361-scaled-e1607595970180.jpg 1707w\" sizes=\"(max-width: 683px) 85vw, 683px\" \/><figcaption>Cycas au bord du bassin<\/figcaption><\/figure>\n\n\n\n<div class=\"wp-block-image\"><figure class=\"aligncenter size-large is-resized\"><a href=\"#\"><img loading=\"lazy\" decoding=\"async\" src=\"https:\/\/www.galetsetoliviers.fr\/wp-content\/uploads\/2021\/03\/up-chevron-button.png\" alt=\"\" class=\"wp-image-1390\" width=\"32\" height=\"32\" srcset=\"https:\/\/www.galetsetoliviers.fr\/wp-content\/uploads\/2021\/03\/up-chevron-button.png 256w, https:\/\/www.galetsetoliviers.fr\/wp-content\/uploads\/2021\/03\/up-chevron-button-150x150.png 150w\" sizes=\"(max-width: 32px) 85vw, 32px\" \/><\/a><\/figure><\/div>\n\n\n\n<h2 class=\"wp-block-heading\" id=\"dipladenia\"><\/h2>\n\n\n\n<hr class=\"wp-block-separator is-style-wide\"\/>\n\n\n\n<h3 class=\"wp-block-heading\">Diplad\u00e9nia<\/h3>\n\n\n\n<p>Une arrosage r\u00e9gulier, de la chaleur (beaucoup), et de l&#8217;engrais pour cette plante qui nous donne des fleurs du printemps \u00e0 l&#8217;automne. Elle tient un peu la s\u00e9cheresse au d\u00e9triment de la floraison (et les feuilles jaunissent).<\/p>\n\n\n\n<div class=\"wp-block-image\"><figure class=\"aligncenter size-large\"><img loading=\"lazy\" decoding=\"async\" width=\"683\" height=\"1024\" src=\"https:\/\/www.galetsetoliviers.fr\/wp-content\/uploads\/2021\/09\/DSC_0690-scaled-e1631107299534-683x1024.jpg\" alt=\"\" class=\"wp-image-1603\" srcset=\"https:\/\/www.galetsetoliviers.fr\/wp-content\/uploads\/2021\/09\/DSC_0690-scaled-e1631107299534-683x1024.jpg 683w, https:\/\/www.galetsetoliviers.fr\/wp-content\/uploads\/2021\/09\/DSC_0690-scaled-e1631107299534-200x300.jpg 200w, https:\/\/www.galetsetoliviers.fr\/wp-content\/uploads\/2021\/09\/DSC_0690-scaled-e1631107299534-768x1152.jpg 768w, https:\/\/www.galetsetoliviers.fr\/wp-content\/uploads\/2021\/09\/DSC_0690-scaled-e1631107299534-1024x1536.jpg 1024w, https:\/\/www.galetsetoliviers.fr\/wp-content\/uploads\/2021\/09\/DSC_0690-scaled-e1631107299534-1366x2048.jpg 1366w, https:\/\/www.galetsetoliviers.fr\/wp-content\/uploads\/2021\/09\/DSC_0690-scaled-e1631107299534-1200x1800.jpg 1200w, https:\/\/www.galetsetoliviers.fr\/wp-content\/uploads\/2021\/09\/DSC_0690-scaled-e1631107299534.jpg 1707w\" sizes=\"(max-width: 683px) 85vw, 683px\" \/><\/figure><\/div>\n\n\n\n<div class=\"wp-block-image\"><figure class=\"aligncenter size-large is-resized\"><a href=\"#\"><img loading=\"lazy\" decoding=\"async\" src=\"https:\/\/www.galetsetoliviers.fr\/wp-content\/uploads\/2021\/03\/up-chevron-button.png\" alt=\"\" class=\"wp-image-1390\" width=\"32\" height=\"32\" srcset=\"https:\/\/www.galetsetoliviers.fr\/wp-content\/uploads\/2021\/03\/up-chevron-button.png 256w, https:\/\/www.galetsetoliviers.fr\/wp-content\/uploads\/2021\/03\/up-chevron-button-150x150.png 150w\" sizes=\"(max-width: 32px) 85vw, 32px\" \/><\/a><\/figure><\/div>\n\n\n\n<h2 class=\"wp-block-heading\" id=\"hibiscus\"><\/h2>\n\n\n\n<hr class=\"wp-block-separator is-style-wide\"\/>\n\n\n\n<h3 class=\"wp-block-heading\">Hibiscus Rose de Chine<\/h3>\n\n\n\n<p>Une plante vivace mais fragile, \u00e0 garder en plein soleil, avec un arrosage r\u00e9gulier, dans une terre riche. Elle donne une tr\u00e8s belle et longue floraison quand les conditions sont bonnes.<\/p>\n\n\n\n<div class=\"wp-block-image\"><figure class=\"aligncenter\"><img loading=\"lazy\" decoding=\"async\" width=\"683\" height=\"1024\" src=\"https:\/\/www.galetsetoliviers.fr\/wp-content\/uploads\/2020\/08\/DSC_0795-e1597067879216-683x1024.jpg\" alt=\"\" class=\"wp-image-891\" srcset=\"https:\/\/www.galetsetoliviers.fr\/wp-content\/uploads\/2020\/08\/DSC_0795-e1597067879216-683x1024.jpg 683w, https:\/\/www.galetsetoliviers.fr\/wp-content\/uploads\/2020\/08\/DSC_0795-e1597067879216-200x300.jpg 200w, https:\/\/www.galetsetoliviers.fr\/wp-content\/uploads\/2020\/08\/DSC_0795-e1597067879216-768x1152.jpg 768w, https:\/\/www.galetsetoliviers.fr\/wp-content\/uploads\/2020\/08\/DSC_0795-e1597067879216-1200x1800.jpg 1200w\" sizes=\"(max-width: 683px) 85vw, 683px\" \/><figcaption>Hibiscus rouge (avec un g\u00e9ranium et des \u0153illets d&#8217;inde)<\/figcaption><\/figure><\/div>\n\n\n\n<div class=\"wp-block-image\"><figure class=\"aligncenter size-large is-resized\"><a href=\"#\"><img loading=\"lazy\" decoding=\"async\" src=\"https:\/\/www.galetsetoliviers.fr\/wp-content\/uploads\/2021\/03\/up-chevron-button.png\" alt=\"\" class=\"wp-image-1390\" width=\"32\" height=\"32\" srcset=\"https:\/\/www.galetsetoliviers.fr\/wp-content\/uploads\/2021\/03\/up-chevron-button.png 256w, https:\/\/www.galetsetoliviers.fr\/wp-content\/uploads\/2021\/03\/up-chevron-button-150x150.png 150w\" sizes=\"(max-width: 32px) 85vw, 32px\" \/><\/a><\/figure><\/div>\n\n\n\n<h2 class=\"wp-block-heading\" id=\"piments\"><\/h2>\n\n\n\n<hr class=\"wp-block-separator is-style-wide\"\/>\n\n\n\n<h2 class=\"wp-block-heading\">Piments<\/h2>\n\n\n\n<p>Quelques vari\u00e9t\u00e9s de piments forts vivaces. Ils se res\u00e8ment facilement, mais m&#8217;aiment pas le froid (\u00e0 garder \u00e0 10\u00b0C minimum). Ils peuvent perdre leurs feuilles en hivers s&#8217;il fait trop froid et trop humide. A arroser r\u00e9guli\u00e8rement.<\/p>\n\n\n\n<p>La petite vari\u00e9t\u00e9, en plus d&#8217;avoir des fruits tr\u00e8s forts, est tr\u00e8s d\u00e9corative de par les couleurs des piments en cours de maturation (vert, violet, orange, rouge) <\/p>\n\n\n\n<figure class=\"wp-block-gallery aligncenter columns-2 is-cropped wp-block-gallery-1 is-layout-flex wp-block-gallery-is-layout-flex\"><ul class=\"blocks-gallery-grid\"><li class=\"blocks-gallery-item\"><figure><img loading=\"lazy\" decoding=\"async\" width=\"683\" height=\"1024\" src=\"https:\/\/www.galetsetoliviers.fr\/wp-content\/uploads\/2020\/11\/DSC_0037-e1605620722892-683x1024.jpg\" alt=\"\" data-id=\"1013\" data-link=\"https:\/\/www.galetsetoliviers.fr\/?attachment_id=1013\" class=\"wp-image-1013\" srcset=\"https:\/\/www.galetsetoliviers.fr\/wp-content\/uploads\/2020\/11\/DSC_0037-e1605620722892-683x1024.jpg 683w, https:\/\/www.galetsetoliviers.fr\/wp-content\/uploads\/2020\/11\/DSC_0037-e1605620722892-200x300.jpg 200w, https:\/\/www.galetsetoliviers.fr\/wp-content\/uploads\/2020\/11\/DSC_0037-e1605620722892-768x1152.jpg 768w, https:\/\/www.galetsetoliviers.fr\/wp-content\/uploads\/2020\/11\/DSC_0037-e1605620722892-1200x1800.jpg 1200w\" sizes=\"(max-width: 683px) 85vw, 683px\" \/><figcaption class=\"blocks-gallery-item__caption\">Gros piments<\/figcaption><\/figure><\/li><li class=\"blocks-gallery-item\"><figure><img loading=\"lazy\" decoding=\"async\" width=\"1024\" height=\"683\" src=\"https:\/\/www.galetsetoliviers.fr\/wp-content\/uploads\/2020\/01\/DSC_0297-1024x683.jpg\" alt=\"\" data-id=\"394\" data-link=\"https:\/\/www.galetsetoliviers.fr\/?attachment_id=394\" class=\"wp-image-394\" srcset=\"https:\/\/www.galetsetoliviers.fr\/wp-content\/uploads\/2020\/01\/DSC_0297-1024x683.jpg 1024w, https:\/\/www.galetsetoliviers.fr\/wp-content\/uploads\/2020\/01\/DSC_0297-300x200.jpg 300w, https:\/\/www.galetsetoliviers.fr\/wp-content\/uploads\/2020\/01\/DSC_0297-768x512.jpg 768w, https:\/\/www.galetsetoliviers.fr\/wp-content\/uploads\/2020\/01\/DSC_0297-1200x800.jpg 1200w\" sizes=\"(max-width: 709px) 85vw, (max-width: 909px) 67vw, (max-width: 1362px) 62vw, 840px\" \/><figcaption class=\"blocks-gallery-item__caption\">Petits piments<\/figcaption><\/figure><\/li><\/ul><\/figure>\n\n\n\n<div class=\"wp-block-image\"><figure class=\"aligncenter size-large is-resized\"><a href=\"#\"><img loading=\"lazy\" decoding=\"async\" src=\"https:\/\/www.galetsetoliviers.fr\/wp-content\/uploads\/2021\/03\/up-chevron-button.png\" alt=\"\" class=\"wp-image-1390\" width=\"32\" height=\"32\" srcset=\"https:\/\/www.galetsetoliviers.fr\/wp-content\/uploads\/2021\/03\/up-chevron-button.png 256w, https:\/\/www.galetsetoliviers.fr\/wp-content\/uploads\/2021\/03\/up-chevron-button-150x150.png 150w\" sizes=\"(max-width: 32px) 85vw, 32px\" \/><\/a><\/figure><\/div>\n","protected":false},"excerpt":{"rendered":"<p>Une liste de plantes vivaces trop fragiles pour nos hivers, qui sont gard\u00e9es en pots, sorties dehors apr\u00e8s les derniers gels (fin avril\/mi mai), et rentr\u00e9es \u00e0 l&#8217;abri avant les premiers (mi octobre\/d\u00e9but novembre). BrugmansiaCycas revolutaDiplad\u00e9niaHibiscus (rose de chine)Piments Brugmansia Plante \u00e0 l&#8217;aspect tropical \u00e0 grosses fleurs en trompette. La floraison est plut\u00f4t capricieuse, elle &hellip; <a href=\"https:\/\/www.galetsetoliviers.fr\/?page_id=1040\" class=\"more-link\">Continue reading<span class=\"screen-reader-text\"> &#8220;Plantes en pot&#8221;<\/span><\/a><\/p>\n","protected":false},"author":1,"featured_media":0,"parent":0,"menu_order":0,"comment_status":"closed","ping_status":"closed","template":"","meta":{"footnotes":""},"_links":{"self":[{"href":"https:\/\/www.galetsetoliviers.fr\/index.php?rest_route=\/wp\/v2\/pages\/1040"}],"collection":[{"href":"https:\/\/www.galetsetoliviers.fr\/index.php?rest_route=\/wp\/v2\/pages"}],"about":[{"href":"https:\/\/www.galetsetoliviers.fr\/index.php?rest_route=\/wp\/v2\/types\/page"}],"author":[{"embeddable":true,"href":"https:\/\/www.galetsetoliviers.fr\/index.php?rest_route=\/wp\/v2\/users\/1"}],"replies":[{"embeddable":true,"href":"https:\/\/www.galetsetoliviers.fr\/index.php?rest_route=%2Fwp%2Fv2%2Fcomments&post=1040"}],"version-history":[{"count":5,"href":"https:\/\/www.galetsetoliviers.fr\/index.php?rest_route=\/wp\/v2\/pages\/1040\/revisions"}],"predecessor-version":[{"id":1621,"href":"https:\/\/www.galetsetoliviers.fr\/index.php?rest_route=\/wp\/v2\/pages\/1040\/revisions\/1621"}],"wp:attachment":[{"href":"https:\/\/www.galetsetoliviers.fr\/index.php?rest_route=%2Fwp%2Fv2%2Fmedia&parent=1040"}],"curies":[{"name":"wp","href":"https:\/\/api.w.org\/{rel}","templated":true}]}}