{"id":106,"date":"2019-12-11T13:46:43","date_gmt":"2019-12-11T13:46:43","guid":{"rendered":"http:\/\/www.10rdlf.fr\/garden\/?page_id=106"},"modified":"2021-03-19T09:57:44","modified_gmt":"2021-03-19T08:57:44","slug":"semis","status":"publish","type":"page","link":"https:\/\/www.galetsetoliviers.fr\/?page_id=106","title":{"rendered":"Les Semis"},"content":{"rendered":"\n<div class=\"wp-block-image\"><figure class=\"aligncenter size-large is-resized\"><img loading=\"lazy\" decoding=\"async\" src=\"https:\/\/www.galetsetoliviers.fr\/wp-content\/uploads\/2020\/12\/DSC_0337-1024x683.jpg\" alt=\"\" class=\"wp-image-1126\" width=\"512\" height=\"342\" srcset=\"https:\/\/www.galetsetoliviers.fr\/wp-content\/uploads\/2020\/12\/DSC_0337-1024x683.jpg 1024w, https:\/\/www.galetsetoliviers.fr\/wp-content\/uploads\/2020\/12\/DSC_0337-300x200.jpg 300w, https:\/\/www.galetsetoliviers.fr\/wp-content\/uploads\/2020\/12\/DSC_0337-768x512.jpg 768w, https:\/\/www.galetsetoliviers.fr\/wp-content\/uploads\/2020\/12\/DSC_0337-1536x1024.jpg 1536w, https:\/\/www.galetsetoliviers.fr\/wp-content\/uploads\/2020\/12\/DSC_0337-2048x1365.jpg 2048w, https:\/\/www.galetsetoliviers.fr\/wp-content\/uploads\/2020\/12\/DSC_0337-1200x800.jpg 1200w\" sizes=\"(max-width: 512px) 85vw, 512px\" \/><figcaption>La saison des semis bat son plein&#8230;<\/figcaption><\/figure><\/div>\n\n\n\n<h3 class=\"wp-block-heading\">Types de semis<\/h3>\n\n\n\n<p>Nous pratiquons plusieurs types de semis, voici une liste avec les avantages et inconvenants de chaque m\u00e9thode.<\/p>\n\n\n\n<ul><li>Semis en pleine terre : Obligatoire ou fortement recommand\u00e9 pour certaines plantes qui supportent pas ou mal la plantation (roses tr\u00e9mi\u00e8res, tournesols, pavots, carottes, pois, haricots, radis, etc\u2026) ; ou si on ne veut pas s\u2019emb\u00eater \u00e0 passer par l&#8217;\u00e9tape du semis en pot (courgette, courges&#8230;).<\/li><li>Semis en pot individuel : on s\u00e8me une \u00e0 plusieurs graines par pot, \u00e7a germe, \u00e7a pousse, on \u00e9claircit si n\u00e9cessaire, et c&#8217;est pr\u00eat \u00e0 planter. Pr\u00e9f\u00e9rable si peu de graines sont disponibles, ou pour celles qui sont difficiles ou impossibles \u00e0 repiquer (cucurbitac\u00e9es) ; ou pour ceux qui h\u00e9sitent \u00e0 repiquer. Avec le semis en plaine terre ce sont les m\u00e9thodes de semis les plus faciles.<\/li><li>Semis en groupe, repiquage en pleine terre : pas vraiment utilis\u00e9, si ce n&#8217;est pour les poireaux.<\/li><li>Semis en groupe, repiquage en pots individuel : le semis se fait en caissette ou dans un gros pot, soit en ligne soit \u00e0 la vol\u00e9e . Apr\u00e8s la lev\u00e9e, le repiquage se fait en pot individuel. Pr\u00e9f\u00e9rable pour les plantes fragiles ou si on est press\u00e9, la plantation en pleine terre \u00e9tant moins stressante que la m\u00e9thode suivante. J&#8217;utilise cette m\u00e9thode pour <a href=\"http:\/\/www.10rdlf.fr\/garden\/?page_id=27#basilic\">le basilic<\/a> par exemple. <\/li><\/ul>\n\n\n\n<div class=\"wp-block-image\"><figure class=\"aligncenter size-large is-resized\"><img loading=\"lazy\" decoding=\"async\" src=\"https:\/\/www.galetsetoliviers.fr\/wp-content\/uploads\/2020\/04\/IMG_20200406_090754-1024x768.jpg\" alt=\"\" class=\"wp-image-636\" width=\"512\" height=\"384\" srcset=\"https:\/\/www.galetsetoliviers.fr\/wp-content\/uploads\/2020\/04\/IMG_20200406_090754-1024x768.jpg 1024w, https:\/\/www.galetsetoliviers.fr\/wp-content\/uploads\/2020\/04\/IMG_20200406_090754-300x225.jpg 300w, https:\/\/www.galetsetoliviers.fr\/wp-content\/uploads\/2020\/04\/IMG_20200406_090754-768x576.jpg 768w, https:\/\/www.galetsetoliviers.fr\/wp-content\/uploads\/2020\/04\/IMG_20200406_090754-1200x900.jpg 1200w\" sizes=\"(max-width: 512px) 85vw, 512px\" \/><figcaption>Basilic apr\u00e8s repiquage ; le semis a \u00e9t\u00e9 fait dans le pot \u00e0 gauche en arri\u00e8re plan o\u00f9 il reste encore quelques plantules<\/figcaption><\/figure><\/div>\n\n\n\n<ul><li>Semis en groupe, repiquage en groupes (caissette) : le semis se fait en caissette (ou gros pot), et les plants sont repiqu\u00e9s en caissette, de mani\u00e8re ordonn\u00e9e (5cm entre les plants). La plantation se fait en &#8220;d\u00e9coupant&#8221; les plants en caissette, comme un g\u00e2teau. Utilis\u00e9 pour les plants &#8216;faciles&#8217; o\u00f9 la vitesse de reprise apr\u00e8s plantation en pleine terre n&#8217;est pas importante (tomates, laitues). L\u2019humidit\u00e9 du substrat est plus facile \u00e0 contr\u00f4ler que par la m\u00e9thode pr\u00e9c\u00e9dente.<\/li><\/ul>\n\n\n\n<figure class=\"wp-block-gallery aligncenter columns-2 is-cropped wp-block-gallery-1 is-layout-flex wp-block-gallery-is-layout-flex\"><ul class=\"blocks-gallery-grid\"><li class=\"blocks-gallery-item\"><figure><a href=\"https:\/\/www.galetsetoliviers.fr\/wp-content\/uploads\/2020\/04\/IMG_20200302_152710.jpg\"><img loading=\"lazy\" decoding=\"async\" width=\"768\" height=\"1024\" src=\"https:\/\/www.galetsetoliviers.fr\/wp-content\/uploads\/2020\/04\/IMG_20200302_152710-768x1024.jpg\" alt=\"\" data-id=\"633\" data-full-url=\"https:\/\/www.galetsetoliviers.fr\/wp-content\/uploads\/2020\/04\/IMG_20200302_152710.jpg\" data-link=\"https:\/\/www.galetsetoliviers.fr\/?attachment_id=633\" class=\"wp-image-633\" srcset=\"https:\/\/www.galetsetoliviers.fr\/wp-content\/uploads\/2020\/04\/IMG_20200302_152710-768x1024.jpg 768w, https:\/\/www.galetsetoliviers.fr\/wp-content\/uploads\/2020\/04\/IMG_20200302_152710-225x300.jpg 225w, https:\/\/www.galetsetoliviers.fr\/wp-content\/uploads\/2020\/04\/IMG_20200302_152710-1200x1600.jpg 1200w\" sizes=\"(max-width: 768px) 85vw, 768px\" \/><\/a><figcaption class=\"blocks-gallery-item__caption\">Semis de tomates, \u0153illets d&#8217;inde, zinnias et cosmos en lignes (avant recouvrement des graines)<\/figcaption><\/figure><\/li><li class=\"blocks-gallery-item\"><figure><a href=\"https:\/\/www.galetsetoliviers.fr\/wp-content\/uploads\/2020\/04\/IMG_20200323_152500.jpg\"><img loading=\"lazy\" decoding=\"async\" width=\"768\" height=\"1024\" src=\"https:\/\/www.galetsetoliviers.fr\/wp-content\/uploads\/2020\/04\/IMG_20200323_152500-768x1024.jpg\" alt=\"\" data-id=\"634\" data-full-url=\"https:\/\/www.galetsetoliviers.fr\/wp-content\/uploads\/2020\/04\/IMG_20200323_152500.jpg\" data-link=\"https:\/\/www.galetsetoliviers.fr\/?attachment_id=634\" class=\"wp-image-634\" srcset=\"https:\/\/www.galetsetoliviers.fr\/wp-content\/uploads\/2020\/04\/IMG_20200323_152500-768x1024.jpg 768w, https:\/\/www.galetsetoliviers.fr\/wp-content\/uploads\/2020\/04\/IMG_20200323_152500-225x300.jpg 225w, https:\/\/www.galetsetoliviers.fr\/wp-content\/uploads\/2020\/04\/IMG_20200323_152500-1200x1600.jpg 1200w\" sizes=\"(max-width: 768px) 85vw, 768px\" \/><\/a><figcaption class=\"blocks-gallery-item__caption\">Pr\u00eats \u00e0 repiquer<\/figcaption><\/figure><\/li><li class=\"blocks-gallery-item\"><figure><a href=\"https:\/\/www.galetsetoliviers.fr\/wp-content\/uploads\/2020\/04\/IMG_20200323_162354.jpg\"><img loading=\"lazy\" decoding=\"async\" width=\"768\" height=\"1024\" src=\"https:\/\/www.galetsetoliviers.fr\/wp-content\/uploads\/2020\/04\/IMG_20200323_162354-768x1024.jpg\" alt=\"\" data-id=\"635\" data-full-url=\"https:\/\/www.galetsetoliviers.fr\/wp-content\/uploads\/2020\/04\/IMG_20200323_162354.jpg\" data-link=\"https:\/\/www.galetsetoliviers.fr\/?attachment_id=635\" class=\"wp-image-635\" srcset=\"https:\/\/www.galetsetoliviers.fr\/wp-content\/uploads\/2020\/04\/IMG_20200323_162354-768x1024.jpg 768w, https:\/\/www.galetsetoliviers.fr\/wp-content\/uploads\/2020\/04\/IMG_20200323_162354-225x300.jpg 225w, https:\/\/www.galetsetoliviers.fr\/wp-content\/uploads\/2020\/04\/IMG_20200323_162354-1200x1600.jpg 1200w\" sizes=\"(max-width: 768px) 85vw, 768px\" \/><\/a><figcaption class=\"blocks-gallery-item__caption\">Le repiquage en caissettes de 4&#215;5 plants ou 3&#215;4 plants<\/figcaption><\/figure><\/li><li class=\"blocks-gallery-item\"><figure><a href=\"https:\/\/www.galetsetoliviers.fr\/wp-content\/uploads\/2020\/04\/IMG_20200414_122445.jpg\"><img loading=\"lazy\" decoding=\"async\" width=\"1024\" height=\"768\" src=\"https:\/\/www.galetsetoliviers.fr\/wp-content\/uploads\/2020\/04\/IMG_20200414_122445-1024x768.jpg\" alt=\"\" data-id=\"632\" data-full-url=\"https:\/\/www.galetsetoliviers.fr\/wp-content\/uploads\/2020\/04\/IMG_20200414_122445.jpg\" data-link=\"https:\/\/www.galetsetoliviers.fr\/?attachment_id=632\" class=\"wp-image-632\" srcset=\"https:\/\/www.galetsetoliviers.fr\/wp-content\/uploads\/2020\/04\/IMG_20200414_122445-1024x768.jpg 1024w, https:\/\/www.galetsetoliviers.fr\/wp-content\/uploads\/2020\/04\/IMG_20200414_122445-300x225.jpg 300w, https:\/\/www.galetsetoliviers.fr\/wp-content\/uploads\/2020\/04\/IMG_20200414_122445-768x576.jpg 768w, https:\/\/www.galetsetoliviers.fr\/wp-content\/uploads\/2020\/04\/IMG_20200414_122445-1200x900.jpg 1200w\" sizes=\"(max-width: 709px) 85vw, (max-width: 909px) 67vw, (max-width: 1362px) 62vw, 840px\" \/><\/a><figcaption class=\"blocks-gallery-item__caption\">Quelques semaines plus tard. A noter que les \u0153illets n&#8217;ont pas lev\u00e9 (enfin, juste 1 plant)<\/figcaption><\/figure><\/li><li class=\"blocks-gallery-item\"><figure><a href=\"https:\/\/www.galetsetoliviers.fr\/wp-content\/uploads\/2020\/12\/IMG_20200323_162421-scaled.jpg\"><img loading=\"lazy\" decoding=\"async\" width=\"1024\" height=\"768\" src=\"https:\/\/www.galetsetoliviers.fr\/wp-content\/uploads\/2020\/12\/IMG_20200323_162421-1024x768.jpg\" alt=\"\" data-id=\"1124\" data-full-url=\"https:\/\/www.galetsetoliviers.fr\/wp-content\/uploads\/2020\/12\/IMG_20200323_162421-scaled.jpg\" data-link=\"https:\/\/www.galetsetoliviers.fr\/?attachment_id=1124\" class=\"wp-image-1124\" srcset=\"https:\/\/www.galetsetoliviers.fr\/wp-content\/uploads\/2020\/12\/IMG_20200323_162421-1024x768.jpg 1024w, https:\/\/www.galetsetoliviers.fr\/wp-content\/uploads\/2020\/12\/IMG_20200323_162421-300x225.jpg 300w, https:\/\/www.galetsetoliviers.fr\/wp-content\/uploads\/2020\/12\/IMG_20200323_162421-768x576.jpg 768w, https:\/\/www.galetsetoliviers.fr\/wp-content\/uploads\/2020\/12\/IMG_20200323_162421-1536x1152.jpg 1536w, https:\/\/www.galetsetoliviers.fr\/wp-content\/uploads\/2020\/12\/IMG_20200323_162421-2048x1536.jpg 2048w, https:\/\/www.galetsetoliviers.fr\/wp-content\/uploads\/2020\/12\/IMG_20200323_162421-1200x900.jpg 1200w\" sizes=\"(max-width: 709px) 85vw, (max-width: 909px) 67vw, (max-width: 1362px) 62vw, 840px\" \/><\/a><figcaption class=\"blocks-gallery-item__caption\">Repiquage des tomates ; apr\u00e8s 24h les plants vont se redresser<\/figcaption><\/figure><\/li><\/ul><\/figure>\n\n\n\n<figure class=\"wp-block-gallery columns-1 is-cropped wp-block-gallery-2 is-layout-flex wp-block-gallery-is-layout-flex\"><ul class=\"blocks-gallery-grid\"><li class=\"blocks-gallery-item\"><figure><img loading=\"lazy\" decoding=\"async\" width=\"1024\" height=\"768\" src=\"https:\/\/www.galetsetoliviers.fr\/wp-content\/uploads\/2020\/12\/IMG_20200510_104138-1024x768.jpg\" alt=\"\" data-id=\"1129\" data-full-url=\"https:\/\/www.galetsetoliviers.fr\/wp-content\/uploads\/2020\/12\/IMG_20200510_104138-scaled.jpg\" data-link=\"https:\/\/www.galetsetoliviers.fr\/?attachment_id=1129\" class=\"wp-image-1129\" srcset=\"https:\/\/www.galetsetoliviers.fr\/wp-content\/uploads\/2020\/12\/IMG_20200510_104138-1024x768.jpg 1024w, https:\/\/www.galetsetoliviers.fr\/wp-content\/uploads\/2020\/12\/IMG_20200510_104138-300x225.jpg 300w, https:\/\/www.galetsetoliviers.fr\/wp-content\/uploads\/2020\/12\/IMG_20200510_104138-768x576.jpg 768w, https:\/\/www.galetsetoliviers.fr\/wp-content\/uploads\/2020\/12\/IMG_20200510_104138-1536x1152.jpg 1536w, https:\/\/www.galetsetoliviers.fr\/wp-content\/uploads\/2020\/12\/IMG_20200510_104138-2048x1536.jpg 2048w, https:\/\/www.galetsetoliviers.fr\/wp-content\/uploads\/2020\/12\/IMG_20200510_104138-1200x900.jpg 1200w\" sizes=\"(max-width: 709px) 85vw, (max-width: 909px) 67vw, (max-width: 1362px) 62vw, 840px\" \/><figcaption class=\"blocks-gallery-item__caption\">On d\u00e9coupe les mottes comme un g\u00e2teau&#8230;<\/figcaption><\/figure><\/li><\/ul><\/figure>\n\n\n\n<p>Un des gros probl\u00e8mes avec les petits pots carr\u00e9s pour semis est d&#8217;arriver \u00e0 bien contr\u00f4ler l&#8217;humidit\u00e9 du substrat. On essaye d&#8217;arroser r\u00e9guli\u00e8rement tous les pots, mais souvent on se retrouve avec des pots trop humides, d&#8217;autres trop secs. Voir m\u00eame compl\u00e8tement sec. Et une fois le pot sec, il est difficile de r\u00e9 humidifier la motte (le mieux \u00e9tant de tremper le pot dans une bassine d&#8217;eau). Une solution pratiqu\u00e9e ici est de mettre 3 cm de sable au fond d&#8217;une caissette et de placer les pots dans la caissette (jusqu&#8217;\u00e0 20 pots par caissette). Le sable aide \u00e0 r\u00e9guler l&#8217;humidit\u00e9 et la chaleur ; et les racines, si on a trop attendu, peuvent sortir des pots et se d\u00e9velopper dans le sable. <\/p>\n\n\n\n<div class=\"wp-block-image\"><figure class=\"aligncenter\"><img loading=\"lazy\" decoding=\"async\" width=\"1024\" height=\"768\" src=\"http:\/\/www.10rdlf.fr\/garden\/wp-content\/uploads\/2020\/01\/IMG_20190316_181738-1024x768.jpg\" alt=\"\" class=\"wp-image-220\" srcset=\"https:\/\/www.galetsetoliviers.fr\/wp-content\/uploads\/2020\/01\/IMG_20190316_181738-1024x768.jpg 1024w, https:\/\/www.galetsetoliviers.fr\/wp-content\/uploads\/2020\/01\/IMG_20190316_181738-300x225.jpg 300w, https:\/\/www.galetsetoliviers.fr\/wp-content\/uploads\/2020\/01\/IMG_20190316_181738-768x576.jpg 768w, https:\/\/www.galetsetoliviers.fr\/wp-content\/uploads\/2020\/01\/IMG_20190316_181738-1200x900.jpg 1200w\" sizes=\"(max-width: 709px) 85vw, (max-width: 909px) 67vw, (max-width: 1362px) 62vw, 840px\" \/><figcaption>Pots en caissette sur lit de sable<\/figcaption><\/figure><\/div>\n\n\n\n<p>Apr\u00e8s repiquage, gardez les plants \u00e0 l&#8217;ombre pendant quelques jours pour que le soleil ne dess\u00e8che pas les plants, et \u00e9vitez les fortes temp\u00e9ratures, les vents forts et la pluie forte.<\/p>\n\n\n\n<p>Pour une bonne croissance, la temp\u00e9rature doit \u00eatre stable. Ici dans la v\u00e9randa au printemps nous avons 10\u00b0C la nuit 30\u00b0C le jour ce qui n&#8217;est pas bon, mais on n&#8217;a pas le choix.<\/p>\n\n\n\n<p>Il est n\u00e9cessaire pour la lev\u00e9e de garder le substrat humide apr\u00e8s les semis, mais sans plus. Une fois les graines lev\u00e9es r\u00e9duisez l\u2019arrosage pour \u00e9viter toute fonte de semis (la terre doit s\u00e9cher entre 2 arrosages).<\/p>\n\n\n\n<h3 class=\"wp-block-heading\">Conseils g\u00e9n\u00e9raux sur les semis<\/h3>\n\n\n\n<p>La caissette en polystyr\u00e8ne (celle du poissonnier) est un conteneur pratique et peu on\u00e9reux pour faire ses semis. Certaines peuvent contenir exactement 4&#215;5 pots carr\u00e9s, et sont les plus versatiles.<\/p>\n\n\n\n<div class=\"wp-block-image\"><figure class=\"aligncenter size-large is-resized\"><img loading=\"lazy\" decoding=\"async\" src=\"https:\/\/www.galetsetoliviers.fr\/wp-content\/uploads\/2020\/01\/DSC_0971-1024x683.jpg\" alt=\"\" class=\"wp-image-479\" width=\"512\" height=\"342\" srcset=\"https:\/\/www.galetsetoliviers.fr\/wp-content\/uploads\/2020\/01\/DSC_0971-1024x683.jpg 1024w, https:\/\/www.galetsetoliviers.fr\/wp-content\/uploads\/2020\/01\/DSC_0971-300x200.jpg 300w, https:\/\/www.galetsetoliviers.fr\/wp-content\/uploads\/2020\/01\/DSC_0971-768x512.jpg 768w, https:\/\/www.galetsetoliviers.fr\/wp-content\/uploads\/2020\/01\/DSC_0971-1200x800.jpg 1200w\" sizes=\"(max-width: 512px) 85vw, 512px\" \/><figcaption>Les outils du semeur en caissette<\/figcaption><\/figure><\/div>\n\n\n\n<p>Le semis en caissette est une version miniature du semis en pleine terre. Les graines de taille moyenne ou grosse peuvent \u00eatre sem\u00e9es en ligne dans un sillon fait avec une fourchette, et recouvertes de la terre du sillon. Les graines fines ou moyennes peuvent \u00eatre sem\u00e9es \u00e0 la vol\u00e9e ; dans ce cas cela ressemble plus \u00e0 un saupoudrage de graines. Les graines sont ensuite recouvertes d&#8217;un fine couche de terre en utilisant un tamis de ma\u00e7on remplis de terre, et le tout est bien tass\u00e9 avec un petit r\u00e2teau. Enfin pour les plus grosses graines, on peut les mettre en place sur le substrat et les enfoncer l\u00e9g\u00e8rement avec une baguette.<\/p>\n\n\n\n<p> <strong>Les besoins de la germination<\/strong><\/p>\n\n\n\n<p> Partie d\u00e9routante au d\u00e9but, mais qui ne doit pas emp\u00eacher d&#8217;essayer les semis. Les graines ont toutes leurs propres contraintes pour germer :<br> Certaines graines ont besoin de lumi\u00e8re.<br> Certaines ne doivent pas \u00eatre expos\u00e9es \u00e0 la lumi\u00e8re.<br>Certaines ont besoin d&#8217;un temps de repos \u00e0 basse temp\u00e9rature (ou n\u00e9gative).<br> Certaines ont besoin d&#8217;\u00eatre dans l&#8217;eau (100% d&#8217;humidit\u00e9) pendant un certain temps.<br> Certaines peuvent germer apr\u00e8s 5 ans<br> Certaines doivent \u00eatre sem\u00e9es dans l&#8217;ann\u00e9e.<br> Et j&#8217;en passe&#8230;<\/p>\n\n\n\n<p>Et la partie d\u00e9licate est que si les contraintes ne sont pas respect\u00e9es, la germination ne se fera pas.<\/p>\n\n\n\n<p>En lisant \u00e7a vous aller dire, c&#8217;est compliqu\u00e9 tout \u00e7a, comment deviner ce dont ont besoin les graines ?  Rassurez vous, la plupart des graines n&#8217;ont pas de besoin particulier si ce n&#8217;est la temp\u00e9rature. Juste de l&#8217;eau et c&#8217;est parti !  Pour les graines qui ont des besoins particuliers c&#8217;est souvent mentionn\u00e9 dans les descriptions des plants dans la litt\u00e9rature ou sur les forums. Pour r\u00e9f\u00e9rence, ce <a href=\"https:\/\/tomclothier.hort.net\/\">site<\/a> contient une bonne base de donn\u00e9es sur les besoins des graines.<\/p>\n\n\n\n<p>Les r\u00e8gles principales \u00e0 respecter et qui suffiront pour la plupart des semis :<\/p>\n\n\n\n<ul><li>Garder une bonne temp\u00e9rature ; autour de 20\u00b0C pour la plupart des semis, moins pour certaines graines comme les laitues, radis; plus pour d&#8217;autres comme les poivrons, aubergines.<\/li><li>Garder le sol humide jusqu&#8217;\u00e0 la lev\u00e9e, puis diminuer l&#8217;arrosage pour \u00e9viter la fonte des semis.<\/li><li>De la lumi\u00e8re, et encore de la lumi\u00e8re apr\u00e8s la lev\u00e9e.<\/li><\/ul>\n\n\n\n<p><strong>Les pr\u00e9dateurs<\/strong><\/p>\n\n\n\n<p>Attention aux pr\u00e9dateurs, surtout quand les plants sont encore petits : Les limasses, les plus communs, peuvent ravager rapidement une caissette de semis ; moins commun, le pince oreille qui se retrouve je ne sais comment cach\u00e9 dans une alv\u00e9ole au dessous d&#8217;un pot, et qui la nuit sort pour go\u00fbter \u00e0 mon basilic, faute d&#8217;autre chose ; la tige est coup\u00e9e, les feuilles sont intactes, le plant est perdu. Que faire si on soup\u00e7onne leur pr\u00e9sence ?  Isolez le pot avec la plante atteinte, inspectez le dessous des pots et faites un bain de pot (bas des pots dans 2cm d&#8217;eau) pendant 1 heure pour les faire sortir.<\/p>\n\n\n\n<p><strong>Pluie\/orage<\/strong><\/p>\n\n\n\n<p>Gardez les jeunes plants \u00e0 l&#8217;abri des pluies fortes \/ orages. Une bonne pluie peut labourer le sol des semis, coucher les plantules et la production est perdue. C&#8217;est un peut contradictoire avec le fait qu&#8217;il faut mettre les plants au soleil, et il faut trouver un compromis, par exemple en bordure d&#8217;un abri pour le soleil du matin, mais \u00e0 l&#8217;abri de la pluie. Ou rentrer les plants si la pluie menace.<\/p>\n\n\n\n<h3 class=\"wp-block-heading\">Quelle vari\u00e9t\u00e9 de Graines acheter ?<\/h3>\n\n\n\n<p>Les moins ch\u00e8res ! Si les graines ne sont pas ch\u00e8res c&#8217;est qu&#8217;elles sont faciles \u00e0 produire. Si elles sont facile \u00e0 produire, elles sont faciles \u00e0 faire pousser. C&#8217;est un principe un peut facile, peut \u00eatre pas toujours vrai, mais si on rate les semis \u00e7a ne nous co\u00fbte pas trop cher.<\/p>\n\n\n\n<p>\u00c9vitez les hybrides si vous voulez r\u00e9colter les graines pour l&#8217;ann\u00e9e suivante. Et ne plantez pas cote \u00e0 cote des vari\u00e9t\u00e9s diff\u00e9rentes pour \u00e9viter l&#8217;hybridation naturelle (je pense aux tomates en particulier &#8212; ce qui est un peu faux &#8212; et aux courgettes).<\/p>\n\n\n\n<p>On peut aussi se procurer certaines graines en vrac dans des magasins d&#8217;alimentation. En g\u00e9n\u00e9ral ce sont des graines aromatiques ou utilis\u00e9es en p\u00e2tisserie. Nous avons essay\u00e9 avec de la coriandre, du pavot, et du lin et les semis ont bien r\u00e9ussi, et cela \u00e0 une fraction du prix des graines en sachet individuel. <\/p>\n\n\n\n<h3 class=\"wp-block-heading\">Petit roman photo de semis de laitues<\/h3>\n\n\n\n<div class=\"wp-block-image\"><figure class=\"aligncenter\"><img loading=\"lazy\" decoding=\"async\" width=\"1024\" height=\"683\" src=\"http:\/\/www.10rdlf.fr\/garden\/wp-content\/uploads\/2020\/01\/DSC_0917-1024x683.jpg\" alt=\"\" class=\"wp-image-219\" srcset=\"https:\/\/www.galetsetoliviers.fr\/wp-content\/uploads\/2020\/01\/DSC_0917-1024x683.jpg 1024w, https:\/\/www.galetsetoliviers.fr\/wp-content\/uploads\/2020\/01\/DSC_0917-300x200.jpg 300w, https:\/\/www.galetsetoliviers.fr\/wp-content\/uploads\/2020\/01\/DSC_0917-768x512.jpg 768w, https:\/\/www.galetsetoliviers.fr\/wp-content\/uploads\/2020\/01\/DSC_0917-1200x800.jpg 1200w\" sizes=\"(max-width: 709px) 85vw, (max-width: 909px) 67vw, (max-width: 1362px) 62vw, 840px\" \/><figcaption>Laitues repiqu\u00e9es en caissette (\u00e0 droite de la photo). 5&#215;6 plants ; les semis ont \u00e9t\u00e9 fait dans le pot au fond \u00e0 gauche, o\u00f9 l&#8217;on peut encore voir le reste des semis non repiqu\u00e9s. A gauche, des plants de girofl\u00e9e bleue.<\/figcaption><\/figure><\/div>\n\n\n\n<div class=\"wp-block-image\"><figure class=\"aligncenter\"><img loading=\"lazy\" decoding=\"async\" width=\"1024\" height=\"768\" src=\"http:\/\/www.10rdlf.fr\/garden\/wp-content\/uploads\/2020\/01\/IMG_20191229_110335-1024x768.jpg\" alt=\"\" class=\"wp-image-222\" srcset=\"https:\/\/www.galetsetoliviers.fr\/wp-content\/uploads\/2020\/01\/IMG_20191229_110335-1024x768.jpg 1024w, https:\/\/www.galetsetoliviers.fr\/wp-content\/uploads\/2020\/01\/IMG_20191229_110335-300x225.jpg 300w, https:\/\/www.galetsetoliviers.fr\/wp-content\/uploads\/2020\/01\/IMG_20191229_110335-768x576.jpg 768w, https:\/\/www.galetsetoliviers.fr\/wp-content\/uploads\/2020\/01\/IMG_20191229_110335-1200x900.jpg 1200w\" sizes=\"(max-width: 709px) 85vw, (max-width: 909px) 67vw, (max-width: 1362px) 62vw, 840px\" \/><figcaption>Apr\u00e8s 1 mois, pr\u00eat \u00e0 planter<\/figcaption><\/figure><\/div>\n\n\n\n<div class=\"wp-block-image\"><figure class=\"aligncenter\"><img loading=\"lazy\" decoding=\"async\" width=\"1024\" height=\"768\" src=\"http:\/\/www.10rdlf.fr\/garden\/wp-content\/uploads\/2020\/01\/IMG_20191229_110827-1024x768.jpg\" alt=\"\" class=\"wp-image-223\" srcset=\"https:\/\/www.galetsetoliviers.fr\/wp-content\/uploads\/2020\/01\/IMG_20191229_110827-1024x768.jpg 1024w, https:\/\/www.galetsetoliviers.fr\/wp-content\/uploads\/2020\/01\/IMG_20191229_110827-300x225.jpg 300w, https:\/\/www.galetsetoliviers.fr\/wp-content\/uploads\/2020\/01\/IMG_20191229_110827-768x576.jpg 768w, https:\/\/www.galetsetoliviers.fr\/wp-content\/uploads\/2020\/01\/IMG_20191229_110827-1200x900.jpg 1200w\" sizes=\"(max-width: 709px) 85vw, (max-width: 909px) 67vw, (max-width: 1362px) 62vw, 840px\" \/><figcaption>Pour pouvoir d\u00e9couper facilement les mottes, les laitues ont \u00e9t\u00e9 tondues.<\/figcaption><\/figure><\/div>\n\n\n\n<div class=\"wp-block-image\"><figure class=\"aligncenter\"><img loading=\"lazy\" decoding=\"async\" width=\"1024\" height=\"768\" src=\"http:\/\/www.10rdlf.fr\/garden\/wp-content\/uploads\/2020\/01\/IMG_20191229_111633-1024x768.jpg\" alt=\"\" class=\"wp-image-224\" srcset=\"https:\/\/www.galetsetoliviers.fr\/wp-content\/uploads\/2020\/01\/IMG_20191229_111633-1024x768.jpg 1024w, https:\/\/www.galetsetoliviers.fr\/wp-content\/uploads\/2020\/01\/IMG_20191229_111633-300x225.jpg 300w, https:\/\/www.galetsetoliviers.fr\/wp-content\/uploads\/2020\/01\/IMG_20191229_111633-768x576.jpg 768w, https:\/\/www.galetsetoliviers.fr\/wp-content\/uploads\/2020\/01\/IMG_20191229_111633-1200x900.jpg 1200w\" sizes=\"(max-width: 709px) 85vw, (max-width: 909px) 67vw, (max-width: 1362px) 62vw, 840px\" \/><figcaption>Deux mottes d\u00e9coup\u00e9es, pr\u00eates \u00e0 planter.<\/figcaption><\/figure><\/div>\n\n\n\n<figure class=\"wp-block-image\"><img loading=\"lazy\" decoding=\"async\" width=\"1024\" height=\"768\" src=\"http:\/\/www.10rdlf.fr\/garden\/wp-content\/uploads\/2020\/01\/IMG_20191229_112059-1024x768.jpg\" alt=\"\" class=\"wp-image-225\" srcset=\"https:\/\/www.galetsetoliviers.fr\/wp-content\/uploads\/2020\/01\/IMG_20191229_112059-1024x768.jpg 1024w, https:\/\/www.galetsetoliviers.fr\/wp-content\/uploads\/2020\/01\/IMG_20191229_112059-300x225.jpg 300w, https:\/\/www.galetsetoliviers.fr\/wp-content\/uploads\/2020\/01\/IMG_20191229_112059-768x576.jpg 768w, https:\/\/www.galetsetoliviers.fr\/wp-content\/uploads\/2020\/01\/IMG_20191229_112059-1200x900.jpg 1200w\" sizes=\"(max-width: 709px) 85vw, (max-width: 909px) 67vw, (max-width: 1362px) 62vw, 840px\" \/><figcaption>Et voila, c&#8217;est fini ; le reste des plants a \u00e9t\u00e9 plant\u00e9 dans le &#8216;vrai&#8217; potager.<\/figcaption><\/figure>\n\n\n\n<p><\/p>\n","protected":false},"excerpt":{"rendered":"<p>Types de semis Nous pratiquons plusieurs types de semis, voici une liste avec les avantages et inconvenants de chaque m\u00e9thode. Semis en pleine terre : Obligatoire ou fortement recommand\u00e9 pour certaines plantes qui supportent pas ou mal la plantation (roses tr\u00e9mi\u00e8res, tournesols, pavots, carottes, pois, haricots, radis, etc\u2026) ; ou si on ne veut pas &hellip; <a href=\"https:\/\/www.galetsetoliviers.fr\/?page_id=106\" class=\"more-link\">Continue reading<span class=\"screen-reader-text\"> &#8220;Les Semis&#8221;<\/span><\/a><\/p>\n","protected":false},"author":1,"featured_media":0,"parent":0,"menu_order":0,"comment_status":"closed","ping_status":"closed","template":"","meta":{"footnotes":""},"_links":{"self":[{"href":"https:\/\/www.galetsetoliviers.fr\/index.php?rest_route=\/wp\/v2\/pages\/106"}],"collection":[{"href":"https:\/\/www.galetsetoliviers.fr\/index.php?rest_route=\/wp\/v2\/pages"}],"about":[{"href":"https:\/\/www.galetsetoliviers.fr\/index.php?rest_route=\/wp\/v2\/types\/page"}],"author":[{"embeddable":true,"href":"https:\/\/www.galetsetoliviers.fr\/index.php?rest_route=\/wp\/v2\/users\/1"}],"replies":[{"embeddable":true,"href":"https:\/\/www.galetsetoliviers.fr\/index.php?rest_route=%2Fwp%2Fv2%2Fcomments&post=106"}],"version-history":[{"count":31,"href":"https:\/\/www.galetsetoliviers.fr\/index.php?rest_route=\/wp\/v2\/pages\/106\/revisions"}],"predecessor-version":[{"id":1402,"href":"https:\/\/www.galetsetoliviers.fr\/index.php?rest_route=\/wp\/v2\/pages\/106\/revisions\/1402"}],"wp:attachment":[{"href":"https:\/\/www.galetsetoliviers.fr\/index.php?rest_route=%2Fwp%2Fv2%2Fmedia&parent=106"}],"curies":[{"name":"wp","href":"https:\/\/api.w.org\/{rel}","templated":true}]}}