{"id":1403,"date":"2021-03-19T10:11:26","date_gmt":"2021-03-19T09:11:26","guid":{"rendered":"http:\/\/www.galetsetoliviers.fr\/?page_id=1403"},"modified":"2021-03-19T11:24:49","modified_gmt":"2021-03-19T10:24:49","slug":"calendrier-des-semis","status":"publish","type":"page","link":"https:\/\/www.galetsetoliviers.fr\/?page_id=1403","title":{"rendered":"Calendrier des semis"},"content":{"rendered":"\n<p>J&#8217;ai vu beaucoup de calendriers de semis sur le net, chacun allant \u00e0 sa mani\u00e8re. Alors pourquoi pas le mien ! Ici les derni\u00e8res gel\u00e9es sont d\u00e9but mai, les plants g\u00e9lifs sont plant\u00e9s en ext\u00e9rieur d\u00e9but mai sauf si la m\u00e9t\u00e9o s&#8217;annonce mauvaise, dans ce cas on attend une semaine ou deux.<\/p>\n\n\n\n<p>Le calendrier inclut la m\u00e9thode de semis, reportez vous \u00e0 la <a href=\"https:\/\/www.galetsetoliviers.fr\/?page_id=106\" data-type=\"page\" data-id=\"106\">page de semis<\/a> pour les d\u00e9tails. Par serre froide j\u2019entends une serre non artificiellement chauff\u00e9e, la temp\u00e9rature variant de 5\u00b0C la nuit \u00e0 30\u00b0C max le jour si l&#8217;ensoleillement est important. Par temps couvert on atteint 15 \u00e0 20\u00b0C.<\/p>\n\n\n\n<p>La liste contient les plants que je s\u00e8me r\u00e9guli\u00e8rement chaque ann\u00e9e. <\/p>\n\n\n\n<figure class=\"wp-block-table\"><table class=\"has-subtle-pale-green-background-color has-background\"><thead><tr><th>Date<\/th><th>Plante<\/th><th>M\u00e9thode<\/th><th>Lieu<\/th><th>Repiquage<\/th><th>Notes<\/th><\/tr><\/thead><tbody><tr><td>D\u00e9but mars<\/td><td>Tomate<\/td><td>Caissette en ligne<\/td><td>Serre froide<\/td><td>Caissette<\/td><td>Quelques repiquages en pot individuel pour avoir des plants pr\u00e9coces<\/td><\/tr><tr><td>D\u00e9but mars<\/td><td>Basilic<\/td><td>Pot en groupe<\/td><td>Au chaud &gt; 20\u00b0C<\/td><td>Godet individuel<\/td><td><\/td><\/tr><tr><td>D\u00e9but mars<\/td><td>\u0152illet d&#8217;Inde<\/td><td>Caissette en ligne<\/td><td>Serre froide<\/td><td>Caissette<\/td><td><\/td><\/tr><tr><td>D\u00e9but mars<\/td><td>Cosmos<\/td><td>Caissette en ligne<\/td><td>Serre froide<\/td><td>Caissette<\/td><td><\/td><\/tr><tr><td>D\u00e9but mars<\/td><td>Capucine<\/td><td>Pot individuel<\/td><td>Serre froide<\/td><td>En place<\/td><td><\/td><\/tr><tr><td>D\u00e9but mars<\/td><td>Poireau<\/td><td>Pot en groupe<\/td><td>Serre froide<\/td><td>En place<\/td><td>Utilisez un pot tr\u00e8s profond (30cm)<\/td><\/tr><tr><td>D\u00e9but mars<\/td><td>Ciboulette<\/td><td>Pot en groupe<\/td><td>Serre froide<\/td><td>En place<\/td><td><\/td><\/tr><tr><td>D\u00e9but avril<\/td><td>Courgette, concombre, courge&#8230;<\/td><td>Pot individuel<\/td><td>Serre froide<\/td><td>En place<\/td><td>Tous les cucurbitac\u00e9es sont sem\u00e9s d\u00e9but avril<\/td><\/tr><tr><td>Mi septembre<\/td><td>Laitue d&#8217;hiver<\/td><td>Caissette en ligne<\/td><td>Ext\u00e9rieur<\/td><td>Caissette<\/td><td>R\u00e9colte en mars<\/td><\/tr><\/tbody><\/table><\/figure>\n\n\n\n<p><\/p>\n","protected":false},"excerpt":{"rendered":"<p>J&#8217;ai vu beaucoup de calendriers de semis sur le net, chacun allant \u00e0 sa mani\u00e8re. Alors pourquoi pas le mien ! Ici les derni\u00e8res gel\u00e9es sont d\u00e9but mai, les plants g\u00e9lifs sont plant\u00e9s en ext\u00e9rieur d\u00e9but mai sauf si la m\u00e9t\u00e9o s&#8217;annonce mauvaise, dans ce cas on attend une semaine ou deux. Le calendrier inclut &hellip; <a href=\"https:\/\/www.galetsetoliviers.fr\/?page_id=1403\" class=\"more-link\">Continue reading<span class=\"screen-reader-text\"> &#8220;Calendrier des semis&#8221;<\/span><\/a><\/p>\n","protected":false},"author":1,"featured_media":0,"parent":0,"menu_order":0,"comment_status":"closed","ping_status":"closed","template":"","meta":{"footnotes":""},"_links":{"self":[{"href":"https:\/\/www.galetsetoliviers.fr\/index.php?rest_route=\/wp\/v2\/pages\/1403"}],"collection":[{"href":"https:\/\/www.galetsetoliviers.fr\/index.php?rest_route=\/wp\/v2\/pages"}],"about":[{"href":"https:\/\/www.galetsetoliviers.fr\/index.php?rest_route=\/wp\/v2\/types\/page"}],"author":[{"embeddable":true,"href":"https:\/\/www.galetsetoliviers.fr\/index.php?rest_route=\/wp\/v2\/users\/1"}],"replies":[{"embeddable":true,"href":"https:\/\/www.galetsetoliviers.fr\/index.php?rest_route=%2Fwp%2Fv2%2Fcomments&post=1403"}],"version-history":[{"count":10,"href":"https:\/\/www.galetsetoliviers.fr\/index.php?rest_route=\/wp\/v2\/pages\/1403\/revisions"}],"predecessor-version":[{"id":1417,"href":"https:\/\/www.galetsetoliviers.fr\/index.php?rest_route=\/wp\/v2\/pages\/1403\/revisions\/1417"}],"wp:attachment":[{"href":"https:\/\/www.galetsetoliviers.fr\/index.php?rest_route=%2Fwp%2Fv2%2Fmedia&parent=1403"}],"curies":[{"name":"wp","href":"https:\/\/api.w.org\/{rel}","templated":true}]}}