{"id":96,"date":"2019-12-11T13:24:25","date_gmt":"2019-12-11T13:24:25","guid":{"rendered":"http:\/\/www.10rdlf.fr\/garden\/?page_id=96"},"modified":"2024-05-21T17:58:33","modified_gmt":"2024-05-21T15:58:33","slug":"magret-seche","status":"publish","type":"page","link":"https:\/\/www.galetsetoliviers.fr\/?page_id=96","title":{"rendered":"Magret S\u00e9ch\u00e9"},"content":{"rendered":"\n<p>Tout bon site de jardinage se doit d&#8217;avoir une recette de magret s\u00e9ch\u00e9 ! Donc la voila. Dans la r\u00e9gion c&#8217;est une recette assez classique, que tout le monde essaie un jour ou l&#8217;autre. Il y a beaucoup d&#8217;autres recettes sur internet, je vais mettre en \u00e9vidence les d\u00e9tails que je n&#8217;ai vu nulle part ailleurs.<\/p>\n\n\n\n<p>On commence par 2 beaux magrets frais<\/p>\n\n\n<div class=\"wp-block-image\">\n<figure class=\"aligncenter\"><img loading=\"lazy\" decoding=\"async\" width=\"300\" height=\"225\" src=\"http:\/\/www.10rdlf.fr\/garden\/wp-content\/uploads\/2020\/01\/IMG_20190116_194652-300x225.jpg\" alt=\"\" class=\"wp-image-150\" srcset=\"https:\/\/www.galetsetoliviers.fr\/wp-content\/uploads\/2020\/01\/IMG_20190116_194652-300x225.jpg 300w, https:\/\/www.galetsetoliviers.fr\/wp-content\/uploads\/2020\/01\/IMG_20190116_194652-768x576.jpg 768w, https:\/\/www.galetsetoliviers.fr\/wp-content\/uploads\/2020\/01\/IMG_20190116_194652-1024x768.jpg 1024w, https:\/\/www.galetsetoliviers.fr\/wp-content\/uploads\/2020\/01\/IMG_20190116_194652-1200x900.jpg 1200w\" sizes=\"(max-width: 300px) 85vw, 300px\" \/><\/figure><\/div>\n\n\n<p>On les pr\u00e9pare en enlevant le gras en trop en p\u00e9riph\u00e9rie, et les petits morceaux de viande qui se d\u00e9tachent&#8230;<\/p>\n\n\n<div class=\"wp-block-image\">\n<figure class=\"aligncenter\"><img loading=\"lazy\" decoding=\"async\" width=\"300\" height=\"225\" src=\"http:\/\/www.10rdlf.fr\/garden\/wp-content\/uploads\/2020\/01\/IMG_20190116_194928-e1578666244942-300x225.jpg\" alt=\"\" class=\"wp-image-151\" srcset=\"https:\/\/www.galetsetoliviers.fr\/wp-content\/uploads\/2020\/01\/IMG_20190116_194928-e1578666244942-300x225.jpg 300w, https:\/\/www.galetsetoliviers.fr\/wp-content\/uploads\/2020\/01\/IMG_20190116_194928-e1578666244942-768x576.jpg 768w, https:\/\/www.galetsetoliviers.fr\/wp-content\/uploads\/2020\/01\/IMG_20190116_194928-e1578666244942-1024x768.jpg 1024w, https:\/\/www.galetsetoliviers.fr\/wp-content\/uploads\/2020\/01\/IMG_20190116_194928-e1578666244942-1200x900.jpg 1200w\" sizes=\"(max-width: 300px) 85vw, 300px\" \/><\/figure><\/div>\n\n\n<p>Et on entaille en croix le gras, pas trop profond\u00e9ment pour ne pas atteindre la viande.<\/p>\n\n\n<div class=\"wp-block-image\">\n<figure class=\"aligncenter is-resized\"><img loading=\"lazy\" decoding=\"async\" width=\"1024\" height=\"541\" src=\"http:\/\/www.10rdlf.fr\/garden\/wp-content\/uploads\/2020\/01\/IMG_20190116_195001-e1578666627989-1024x541.jpg\" alt=\"\" class=\"wp-image-152\" style=\"width:348px;height:183px\" srcset=\"https:\/\/www.galetsetoliviers.fr\/wp-content\/uploads\/2020\/01\/IMG_20190116_195001-e1578666627989-1024x541.jpg 1024w, https:\/\/www.galetsetoliviers.fr\/wp-content\/uploads\/2020\/01\/IMG_20190116_195001-e1578666627989-300x159.jpg 300w, https:\/\/www.galetsetoliviers.fr\/wp-content\/uploads\/2020\/01\/IMG_20190116_195001-e1578666627989-768x406.jpg 768w, https:\/\/www.galetsetoliviers.fr\/wp-content\/uploads\/2020\/01\/IMG_20190116_195001-e1578666627989-1200x635.jpg 1200w, https:\/\/www.galetsetoliviers.fr\/wp-content\/uploads\/2020\/01\/IMG_20190116_195001-e1578666627989.jpg 1840w\" sizes=\"(max-width: 709px) 85vw, (max-width: 909px) 67vw, (max-width: 1362px) 62vw, 840px\" \/><\/figure><\/div>\n\n\n<p>On roule copieusement le magret dans du gros sel, et on le place gras en bas dans un plat. On rajoute un peu de sel par dessus, juste pour \u00eatre s\u00fbre. J&#8217;ai vu des recettes o\u00f9 le plat des magrets est rempli  de gros sel, mais je pense que ce n&#8217;est pas n\u00e9cessaire d&#8217;en mettre autant.<\/p>\n\n\n<div class=\"wp-block-image\">\n<figure class=\"aligncenter\"><img loading=\"lazy\" decoding=\"async\" width=\"300\" height=\"225\" src=\"http:\/\/www.10rdlf.fr\/garden\/wp-content\/uploads\/2020\/01\/IMG_20190116_195304-e1578666304699-300x225.jpg\" alt=\"\" class=\"wp-image-153\" srcset=\"https:\/\/www.galetsetoliviers.fr\/wp-content\/uploads\/2020\/01\/IMG_20190116_195304-e1578666304699-300x225.jpg 300w, https:\/\/www.galetsetoliviers.fr\/wp-content\/uploads\/2020\/01\/IMG_20190116_195304-e1578666304699-768x576.jpg 768w, https:\/\/www.galetsetoliviers.fr\/wp-content\/uploads\/2020\/01\/IMG_20190116_195304-e1578666304699-1024x768.jpg 1024w, https:\/\/www.galetsetoliviers.fr\/wp-content\/uploads\/2020\/01\/IMG_20190116_195304-e1578666304699-1200x900.jpg 1200w\" sizes=\"(max-width: 300px) 85vw, 300px\" \/><\/figure><\/div>\n\n\n<p>On place le plat au r\u00e9frig\u00e9rateur pendant 24h. Les avis diff\u00e8rent sur la dur\u00e9e, 24h est pratique pour les gens qui travaillent, et je n&#8217;ai jamais eu de probl\u00e8me.<\/p>\n\n\n\n<p>Apr\u00e8s 24h les magrets ont rendu du jus, et il doit rester du sel (ce qui veut dire qu&#8217;il y en avait assez au d\u00e9part). Il faut les nettoyer d\u00e9licatement sous le robinet, \u00e0 l&#8217;eau froide, et les essuyer au papier absorbant.<\/p>\n\n\n<div class=\"wp-block-image\">\n<figure class=\"aligncenter\"><img loading=\"lazy\" decoding=\"async\" width=\"300\" height=\"225\" src=\"http:\/\/www.10rdlf.fr\/garden\/wp-content\/uploads\/2020\/01\/IMG_20190117_184225-e1578666291839-300x225.jpg\" alt=\"\" class=\"wp-image-154\" srcset=\"https:\/\/www.galetsetoliviers.fr\/wp-content\/uploads\/2020\/01\/IMG_20190117_184225-e1578666291839-300x225.jpg 300w, https:\/\/www.galetsetoliviers.fr\/wp-content\/uploads\/2020\/01\/IMG_20190117_184225-e1578666291839-768x576.jpg 768w, https:\/\/www.galetsetoliviers.fr\/wp-content\/uploads\/2020\/01\/IMG_20190117_184225-e1578666291839-1024x768.jpg 1024w, https:\/\/www.galetsetoliviers.fr\/wp-content\/uploads\/2020\/01\/IMG_20190117_184225-e1578666291839-1200x900.jpg 1200w\" sizes=\"(max-width: 300px) 85vw, 300px\" \/><\/figure><\/div>\n\n\n<p>On les roule ensuite dans du poivre, en s&#8217;assurant que le poivre va bien partout sur le magret, surtout les bords.<\/p>\n\n\n\n<p>On les enveloppe dans des touchons ou serviettes, en serrant la ficelle tr\u00e8s fortement.<\/p>\n\n\n<div class=\"wp-block-image\">\n<figure class=\"aligncenter\"><img loading=\"lazy\" decoding=\"async\" width=\"300\" height=\"225\" src=\"http:\/\/www.10rdlf.fr\/garden\/wp-content\/uploads\/2020\/01\/IMG_20190117_185243-300x225.jpg\" alt=\"\" class=\"wp-image-157\" srcset=\"https:\/\/www.galetsetoliviers.fr\/wp-content\/uploads\/2020\/01\/IMG_20190117_185243-300x225.jpg 300w, https:\/\/www.galetsetoliviers.fr\/wp-content\/uploads\/2020\/01\/IMG_20190117_185243-768x576.jpg 768w, https:\/\/www.galetsetoliviers.fr\/wp-content\/uploads\/2020\/01\/IMG_20190117_185243-1024x768.jpg 1024w, https:\/\/www.galetsetoliviers.fr\/wp-content\/uploads\/2020\/01\/IMG_20190117_185243-1200x900.jpg 1200w\" sizes=\"(max-width: 300px) 85vw, 300px\" \/><\/figure><\/div>\n\n\n<p>On les pend dans un endroit frais (&lt; 10\u00b0C) et surtout sec. Je l&#8217;ai fait au d\u00e9but au r\u00e9frig\u00e9rateur, comme on peut le voir sur certaines recettes. \u00c7a marche, mais je n&#8217;aime pas trop, un r\u00e9frig\u00e9rateur \u00e9tant souvent humide. Je pr\u00e9f\u00e8re un garage ou une d\u00e9pendance non chauff\u00e9e. Bien s\u00fbre il est sous entendu que dans ce cas la recette ne se fait qu&#8217;en hiver. Une tradition pour No\u00ebl.<\/p>\n\n\n<div class=\"wp-block-image\">\n<figure class=\"aligncenter\"><img loading=\"lazy\" decoding=\"async\" width=\"300\" height=\"225\" src=\"http:\/\/www.10rdlf.fr\/garden\/wp-content\/uploads\/2020\/01\/IMG_20190209_185949-300x225.jpg\" alt=\"\" class=\"wp-image-159\" srcset=\"https:\/\/www.galetsetoliviers.fr\/wp-content\/uploads\/2020\/01\/IMG_20190209_185949-300x225.jpg 300w, https:\/\/www.galetsetoliviers.fr\/wp-content\/uploads\/2020\/01\/IMG_20190209_185949-768x576.jpg 768w, https:\/\/www.galetsetoliviers.fr\/wp-content\/uploads\/2020\/01\/IMG_20190209_185949-1024x768.jpg 1024w, https:\/\/www.galetsetoliviers.fr\/wp-content\/uploads\/2020\/01\/IMG_20190209_185949-1200x900.jpg 1200w\" sizes=\"(max-width: 300px) 85vw, 300px\" \/><\/figure><\/div>\n\n\n<p>La dur\u00e9e de s\u00e9chage d\u00e9pend des go\u00fbts. 3 semaines pour un magret bien souple, 5 pour un magret bien sec. Ici nous pr\u00e9f\u00e9rons 4 semaines. Avant de servir essuyez bien le poivre, sinon le magret risque d\u2019\u00eatre trop \u00e9pic\u00e9.<\/p>\n\n\n<div class=\"wp-block-image\">\n<figure class=\"aligncenter is-resized\"><img loading=\"lazy\" decoding=\"async\" width=\"1024\" height=\"347\" src=\"http:\/\/www.10rdlf.fr\/garden\/wp-content\/uploads\/2020\/01\/IMG_20190209_190433-e1578666666810-1024x347.jpg\" alt=\"\" class=\"wp-image-158\" style=\"width:450px;height:152px\" srcset=\"https:\/\/www.galetsetoliviers.fr\/wp-content\/uploads\/2020\/01\/IMG_20190209_190433-e1578666666810-1024x347.jpg 1024w, https:\/\/www.galetsetoliviers.fr\/wp-content\/uploads\/2020\/01\/IMG_20190209_190433-e1578666666810-300x102.jpg 300w, https:\/\/www.galetsetoliviers.fr\/wp-content\/uploads\/2020\/01\/IMG_20190209_190433-e1578666666810-768x260.jpg 768w, https:\/\/www.galetsetoliviers.fr\/wp-content\/uploads\/2020\/01\/IMG_20190209_190433-e1578666666810-1200x406.jpg 1200w\" sizes=\"(max-width: 709px) 85vw, (max-width: 909px) 67vw, (max-width: 1362px) 62vw, 840px\" \/><figcaption class=\"wp-element-caption\">Notez les lac\u00e9rations du gras o\u00f9 le poivre s&#8217;est accumul\u00e9<\/figcaption><\/figure><\/div>\n\n\n<p><\/p>\n","protected":false},"excerpt":{"rendered":"<p>Tout bon site de jardinage se doit d&#8217;avoir une recette de magret s\u00e9ch\u00e9 ! Donc la voila. Dans la r\u00e9gion c&#8217;est une recette assez classique, que tout le monde essaie un jour ou l&#8217;autre. Il y a beaucoup d&#8217;autres recettes sur internet, je vais mettre en \u00e9vidence les d\u00e9tails que je n&#8217;ai vu nulle part &hellip; <a href=\"https:\/\/www.galetsetoliviers.fr\/?page_id=96\" class=\"more-link\">Continue reading<span class=\"screen-reader-text\"> &#8220;Magret S\u00e9ch\u00e9&#8221;<\/span><\/a><\/p>\n","protected":false},"author":1,"featured_media":0,"parent":0,"menu_order":0,"comment_status":"closed","ping_status":"closed","template":"","meta":{"footnotes":""},"_links":{"self":[{"href":"https:\/\/www.galetsetoliviers.fr\/index.php?rest_route=\/wp\/v2\/pages\/96"}],"collection":[{"href":"https:\/\/www.galetsetoliviers.fr\/index.php?rest_route=\/wp\/v2\/pages"}],"about":[{"href":"https:\/\/www.galetsetoliviers.fr\/index.php?rest_route=\/wp\/v2\/types\/page"}],"author":[{"embeddable":true,"href":"https:\/\/www.galetsetoliviers.fr\/index.php?rest_route=\/wp\/v2\/users\/1"}],"replies":[{"embeddable":true,"href":"https:\/\/www.galetsetoliviers.fr\/index.php?rest_route=%2Fwp%2Fv2%2Fcomments&post=96"}],"version-history":[{"count":11,"href":"https:\/\/www.galetsetoliviers.fr\/index.php?rest_route=\/wp\/v2\/pages\/96\/revisions"}],"predecessor-version":[{"id":1656,"href":"https:\/\/www.galetsetoliviers.fr\/index.php?rest_route=\/wp\/v2\/pages\/96\/revisions\/1656"}],"wp:attachment":[{"href":"https:\/\/www.galetsetoliviers.fr\/index.php?rest_route=%2Fwp%2Fv2%2Fmedia&parent=96"}],"curies":[{"name":"wp","href":"https:\/\/api.w.org\/{rel}","templated":true}]}}